q - 13*q. Suppose -q*c = 3, -x + 2*x + 1 = -2*c. Let b(p) = -2*p**2. Give b(x).
-2
Let l(p) = -2011*p + 1002*p + 1015*p + 39. Give l(-5).
9
Let b(m) = -m**3 + 6*m**2 + 8. Let g(q) = 3*q**2 - 22*q - 42. Let n be g(9). Suppose 0*s - 3*a - 27 = -3*s, -3*a + 9 = n*s. Determine b(s).
8
Suppose -19*g + 704 = -3*g. Let i(o) = -49*o + 3*o**2 - g*o + 94*o - o**3 + 5. What is i(4)?
-7
Let s(b) = 178*b - 41*b - 46*b - 40*b + 20 - 59*b. Determine s(-7).
76
Let k(v) be the second derivative of -v**5/20 - 7*v**4/12 + 11*v**3/6 + 9*v**2 - 3510*v. Let s = 2 + -10. Determine k(s).
-6
Let y(g) = -86*g**2 - 87*g**2 - 78*g**2 + 6*g + 269*g**2 + 7 + 0*g. Calculate y(-2).
67
Let z(g) = -6*g**3 - 2*g + 1. Let u be 30/45*(-6)/(-4). Suppose u - 1 = 2*c. Suppose -4*s + 20 = -4*b, -5*s - b + 1 + 0 = c. Give z(s).
-7
Let v(c) = -c**2 + 4*c + 8. Let w = -238 - -251. Suppose 10 - 88 = -w*s. Determine v(s).
-4
Let n(o) = -o**3 + 11*o**2 - 11*o + 12. Let b be n(10). Let x be ((-5)/b)/((-10)/8). Let a(l) = 16 + l**2 + 14 - x*l**2 - 27 - 6*l. Give a(-7).
-4
Let u(d) be the second derivative of -d**4/12 + d**3/6 + 2*d. Let y = 7292 + -7290. What is u(y)?
-2
Let o be 2/(-2 - (-63)/30). Let d be (50/o)/(2/(-4)). Let z(r) = -3*r + 15*r**3 + 2*r + 21*r**3 - 37*r**3 + 4 - 5*r**2. Determine z(d).
9
Suppose -18*u = 35 - 17. Let p(l) = -3*l**3 + 2 + l + 7*l**3 + l**3. Let a be p(u). Let g(w) = w**3 + 5*w**2 + 2*w - 4. Calculate g(a).
4
Let n(i) = -i**3 + 2*i**2 + 5*i**2 - 2*i - i**2 + 6. Let r = 1269 + -1039. Let m = r - 224. Determine n(m).
-6
Let s(d) = 2*d + 1. Let z(h) = -3*h - 2. Let f(a) = 4*s(a) + 3*z(a). Suppose 2*j = 2*y - 24, 0 = j + 2*y - 3. What is f(j)?
5
Suppose -148*d = -3*k - 151*d, -28 = k + 5*d. Let j(c) = 10*c + 2. Determine j(k).
72
Let d(c) = -c**3 - 4*c**2 - 2*c - 2. Suppose 0 = 2*y - s + 12, s - 17 = y + 2*y. Let b be -1 + y/(25/10). Give d(b).
-5
Suppose -75*x + 25*x = -191 - 259. Let y(h) = h**2 + 2*h - 17. Give y(x).
82
Suppose -3*r + 18 = 3. Let h = -16 - -22. Let s(w) = w**2 + h + w + r*w - 14*w. What is s(6)?
-6
Let u(t) = t**3 - 2*t**2 - 3*t - 8. Let g = -438 - -448. Suppose g*j = 9*j + 4. Determine u(j).
12
Let m(a) = -9*a - 181. Let o be m(-21). Suppose 3*h + 5 = 4*n, 11*n - 30 = -3*h + o*n. Let l(f) = -f + 7. Determine l(h).
2
Let a(o) = -3*o + 27. Let r = 5564 + -5551. What is a(r)?
-12
Let h(o) = -o**3 + o**2 + o + 2. Let z(s) = 6*s**3 - 10*s**2 - 5*s - 46. Let d(w) = -5*h(w) - z(w). Let t be d(6). Let m(k) = -k**2 + k - 13. Determine m(t).
-13
Let p(a) = 10*a**3 + a**2 - a - 1. Let q(f) = 6*f**3 + 9*f**2 + f - 4. Let j(w) = 3*p(w) - q(w). Calculate j(-1).
-25
Let v(r) = 2*r + 1. Suppose f - 3*y + 11 = 0, -f - y + 3*y = 6. Suppose a = -n + 13, -3*n - 12 = -f*a + 54. Let l = 17 - a. What is v(l)?
5
Let d(w) = 3*w + 4*w - 1 - 2*w**2 + 0. Let h(x) = x**3 + 4*x**2 - 12*x + 5. Let r = 143 + -149. Let a be h(r). What is d(a)?
-16
Let v(t) = -t**3 - 10*t**2 - 7*t + 13. Suppose 44*i - 42*i + 21 - 3 = 0. Give v(i).
-5
Let o be (-40)/2 + 52/4. Let y(r) = r + 48. Calculate y(o).
41
Let j = -805 + 808. Let f(n) = -j*n**2 - 3 - 28*n + 1 + 53*n + 0 - 28*n. Calculate f(-3).
-20
Let m(l) = 17*l**3 + 9*l**2 + 19*l - 4. Let r be -3 - (0/(-3) + (-9 - -8)). Let v(w) = 3*w**3 + 2*w**2 + 4*w - 1. Let n(b) = r*m(b) + 11*v(b). Give n(5).
2
Let h(d) = 0*d**2 + d**2 - 4 + 9*d + 0*d**2. Let n(q) = q**3 + 3*q**2 + 3*q + 3. Let a be n(-3). Let x be a/9 + (-100)/12. Determine h(x).
-4
Let f(y) = y**3 + 15*y**2 + 23*y - 32. Let d = -4555 - -4542. Calculate f(d).
7
Let a(r) = -2*r**2 - 26*r - 72. Let s = -673 - -664. Give a(s).
0
Let h(a) = -7*a + 9. Suppose -48*g = 3*c - 49*g + 22, -4*c + 1 = 3*g. Let d(p) = 22*p - 6 + 6 - 28. Let b(t) = c*d(t) - 16*h(t). What is b(6)?
8
Let c = -4710 - -4712. Let n(i) be the first derivative of 8/3*i**3 + 1/4*i**4 - 1/2*i**c - 12 - 11*i. Calculate n(-8).
-3
Let p(l) = 11*l**2 + l - 1. Let c(t) = 5*t**2 + t. Let m(n) = 9*c(n) - 4*p(n). Let s = -24 + 24. Suppose -3*v - 3*b - 5 = -v, s = -5*v - 5*b - 15. What is m(v)?
0
Let c(w) = 14*w + 27. Let a(i) = -26*i - 46. Let o(m) = 6*a(m) + 11*c(m). What is o(7)?
7
Let o(f) be the third derivative of -4/3*f**3 + 57*f**2 - 5/12*f**4 + 2 + 0*f - 1/60*f**5. What is o(-10)?
-8
Let f(u) = -u**3 - 5*u**2 + 8*u + 17. Suppose 5*l + 2*p + 24 = 0, p = -11*l + 2*p - 69. Determine f(l).
5
Let u(t) = -5*t - 2. Let j be u(-1). Suppose 0 = 2*x - j + 3. Let z be x - 3 - (-7 - -3). Let h(a) = -12*a - 1. Give h(z).
-13
Let q(o) = -o - 1. Suppose c = -582*f + 584*f, c = -5*f - 42. Calculate q(c).
11
Let q(p) = -9 + 5*p - 12*p + 0*p. Let b(k) = k + 1. Let i(g) = 6*b(g) + q(g). Let l(d) = -d - 3. Let y(h) = -2*i(h) + 3*l(h). Give y(7).
-10
Suppose 4*m - 3*m + 8 = -3*l, -m = -2*l - 2. Let o be m - (-3 - -2 - 2). Let u(r) be the first derivative of 5*r**4/4 - r**2/2 - 58. What is u(o)?
4
Let f(k) = 2*k - 3*k - 1841595 + 1841621 - k**2. Give f(-6).
-4
Suppose 4*b - b = 12. Suppose 5*g - 11*u = -9*u + 22, 0 = g + u - 3. Let z(o) = 0*o - b*o + 9 + o + g*o. What is z(-4)?
5
Let v(i) = -i**3 - 5*i**2 + 4*i - 7. Let b be v(-6). Suppose -20 = -b*h - 0*h. Let r(g) be the first derivative of -g**2 + 3*g - 1034. What is r(h)?
-5
Let r(v) be the third derivative of v**6/120 + v**5/30 - 5*v**4/24 - v**3/3 + 3*v**2. Let k be 9 + 112/(-14) + -4. What is r(k)?
4
Let h(z) = z**2 - 12*z + 19. Suppose -2*l + 4*k = 8, 95*l - 98*l = 3*k - 15. What is h(l)?
-1
Let u(m) be the first derivative of -m - 31/2*m**2 - 157. Determine u(-1).
30
Let y be (4/10)/((-132)/(-3630)). Let z(h) = -h**2 + 8*h - 11. Calculate z(y).
-44
Let i(z) = 24*z - 98. Let v(g) = -5*g + 9. Let n(f) = -i(f) - 5*v(f). Calculate n(-59).
-6
Suppose -26*y + 25*y = -11. Suppose 25 = y*l - 6*l. Let i(r) = -7 + l*r + 7*r**2 + 1 + 0 + r**3 + 5. What is i(-6)?
5
Let g(d) = -59*d - 1982. Let u(t) = -10*t - 337. Let l(n) = -3*g(n) + 17*u(n). Give l(-31).
0
Let q be (-22 - (-8 + (-1 - -4)))/1. Let p(m) = -3*m**2 - 50*m + 17. What is p(q)?
0
Let z(g) = -g + 6*g + g**2 - 9 - g. Let i be -1*(60/9)/(-4)*(-3132)/870. Calculate z(i).
3
Let a be 37/6 + -6 + (-53)/(-6). Suppose g - 5 = -2*q, 2*g - a = -g. Let m(l) = l. Let c(s) = 1. Let i(n) = q*c(n) + m(n). Calculate i(-7).
-6
Suppose 3*p = -w - 14, 2*w + 2*p - 36 = 7*w. Let b(d) be the second derivative of 378*d + 0 - 4/3*d**3 + 7/12*d**4 + 1/2*d**2 + 1/20*d**5. Give b(w).
1
Let w be (-11)/(-1) - (-1 + (6 - -1)). Let b(m) = 33*m - 4*m**2 + 1 + 5 - 25*m + w*m**2. Calculate b(-9).
15
Let i(b) = 2*b - 2. Let l(z) = z**3 - 15*z**2 + 39*z - 32. Let a = 298 - 286. Let g be l(a). Give i(g).
6
Let m be (-322)/483 + 8/(-6). Let l(z) = 8*z + 18. What is l(m)?
2
Let l(k) be the first derivative of k**4/4 + k**3/3 - 5*k**2/2 - 6*k + 241. Calculate l(-2).
0
Suppose 128*h = 106*h. Suppose -8*o - 7*o + 90 = h. Let i(c) = -c + 4. Calculate i(o).
-2
Suppose 0 = -25*n + 24*n + 3. Let g(u) = -n - u + 4*u - u**2 + 0*u - 7*u. Determine g(-5).
-8
Let p = 44 + -41. Let k(o) be the third derivative of -o**5/60 + 5*o**4/24 - 2*o**3/3 - o**2 - 187*o. Give k(p).
2
Let s = 639 + -633. Let w(d) be the third derivative of 1/10*d**5 - 8*d**2 + 0*d - 7/6*d**3 + 0 + 1/24*d**4 - 1/120*d**s. What is w(6)?
-1
Let b(q) = 2*q - 14. Suppose -37*p + 162 = -64*p. Let i(h) = 2*h - 12. Let s(l) = p*i(l) + 5*b(l). Calculate s(6).
-10
Let x(b) = b**3 + 11*b**2 + 19*b + 14. Let w be x(-9). Suppose -z - 18 = -5*y, 4*y + w*z - 12 = 14. Let a(g) = -g - 1. Calculate a(y).
-5
Let m(z) = 2*z + 1. Let h be 200/(-80) - 9/2. Give m(h).
-13
Let o(v) = -2*v**3 - v**2 + 3*v + 5. Suppose 3514 = -22*t + 3470. Determine o(t).
11
Let x be 4/20 + 7/((-35)/(-54)). Let f = -2 + 2. Suppose f = 12*w - x*w + 6. Let h(r) = 2*r + 6. Determine h(w).
-6
Suppose 5*k = 2*f + 31, k + 2*k + f - 12 = 0. Let m = 297 + -289. Let g(y) = -7 + 2*y - 4 - m + 15. Give g(k).
6
Suppose 734*v + d + 72 = 739*v, 2*v = -2*d + 24. Let o(z) = 25*z - 343. Give o(v).
7
Suppose -4*o = 5*y - 39, 4*y + o + 2*o = 32. Suppose -3*v - y*v = -28. Let t(h) = -3*h - 19. Let w(c) = c + 6. Let k(d) = v*t(d) + 7*w(d). Give k(-7).
-3
Let z(t) = -42*t - 40*t - 45 + 119*t - 36*t. Let o be (-12)/3 + 2 - -2. Calculate z(o).
-45
Let o(z) = -z**2 - z + 1. Suppose j - 6*j + 5 = -5*k, 0 = 3*j + 2*k + 2. Suppose y + j*y - 4 = -b, -4*b = -y - 11. What is o(y)